{"id":1052,"date":"2017-01-23T16:56:23","date_gmt":"2017-01-23T16:56:23","guid":{"rendered":"https:\/\/www.dsconsultant.net\/blog\/?page_id=1052"},"modified":"2018-10-23T22:26:28","modified_gmt":"2018-10-23T22:26:28","slug":"avast-antivirus","status":"publish","type":"page","link":"https:\/\/dsconsultant.net\/blog\/avast-antivirus","title":{"rendered":"Avast antivirus"},"content":{"rendered":"<div id=\"content\" style=\"text-align: center;\">\n<p><a href=\"https:\/\/www.avast.com\" target=\"_blank\" rel=\"external noopener\"><img loading=\"lazy\" class=\"aligncenter\" src=\"https:\/\/i2.wp.com\/www.dsconsultant.net\/avast\/logo-Avast-authorized.png?resize=341%2C62&#038;ssl=1\" alt=\"avast! reseller\" width=\"341\" height=\"62\" border=\"0\" data-recalc-dims=\"1\" \/><\/a><\/p>\n<p style=\"text-align: left;\"><strong>Avast! \u00a0Professional Edition<\/strong>\u00a0est la solution de protection id\u00e9ale pour tout PC fonctionnant sous Windows.<br \/>\nExtr\u00eamement rapide, efficace et discret, les produits Avast prot\u00e8gent \u00e9galement vos appareils sous MacOSX ainsi que vos smartphones sous Android<\/p>\n<p style=\"text-align: left;\">(Rappel: pour le Maroc, paiements et facturation en dirhams, contactez nous)<br \/>\n**Prix en dirhams = Prix en Euros (hors promotion sp\u00e9ciale) x 11 (Tx change arrondi)<br \/>\n** Remises sp\u00e9ciales Ecoles, Hopitaux, pharmacies, m\u00e9decins, associations<br \/>\n** Soci\u00e9t\u00e9s d&rsquo;informatiques et prestataires, rejoignez notre r\u00e9seau de revendeurs,\u00a0\u00a0contactez nous<\/p>\n<p style=\"text-align: left;\">Les Principales caract\u00e9ristiques de Avast! Professional Edition sont :<\/p>\n<p><strong>L&rsquo;antivirus Avast! \u00a0Professional Edition<\/strong>\u00a0est un ensemble de technologies de d\u00e9tection tr\u00e8s sophistiqu\u00e9es dont le seul but est : la meilleure protection possible contre les virus informatiques et autres logiciels espions.<\/div>\n<div id=\"content\">\n<p><strong><span style=\"color: #ff6600;\">Un Moteur de d\u00e9tection certifi\u00e9 ICSA Labs<\/span><\/strong><br \/>\nd\u00e9tecte 100% des virus en circulation et poss\u00e8de un excellent niveau de d\u00e9tection des chevaux de Troie.<br \/>\nAvast! Professional Edition\u00a0a obtenu, \u00e0 plusieurs reprises, le VB100 award d\u00e9cern\u00e9 par\u00a0Virus Bulletin<br \/>\n<img loading=\"lazy\" class=\"imageStyle\" src=\"https:\/\/www.dsconsultant.net\/avast\/files\/Awards%20Avast\" alt=\"vb100jun6\" width=\"72\" height=\"74\" \/>\u00a0<img loading=\"lazy\" class=\"imageStyle\" src=\"https:\/\/i2.wp.com\/www.dsconsultant.net\/avast\/files\/page7_2.gif?resize=100%2C38&#038;ssl=1\" alt=\"award-softdll-com-5o\" width=\"100\" height=\"38\" data-recalc-dims=\"1\" \/>\u00a0<img loading=\"lazy\" class=\"imageStyle\" src=\"https:\/\/i0.wp.com\/www.dsconsultant.net\/avast\/files\/page7_3.gif?resize=48%2C67&#038;ssl=1\" alt=\"scawards2006_small\" width=\"48\" height=\"67\" data-recalc-dims=\"1\" \/>\u00a0<img loading=\"lazy\" class=\"imageStyle\" src=\"https:\/\/i0.wp.com\/www.dsconsultant.net\/avast\/files\/page7_4.gif?resize=100%2C100&#038;ssl=1\" alt=\"softpedia\" width=\"100\" height=\"100\" data-recalc-dims=\"1\" \/><\/p>\n<p style=\"text-align: left;\"><strong><span style=\"color: #ff6600;\">Une Interface Utilisateur Avanc\u00e9e\u00a0<\/span><\/strong><br \/>\npermet une grande flexibilit\u00e9 dans la programmation des fonctions de d\u00e9tection.<\/p>\n<p style=\"text-align: left;\">La Protection R\u00e9sidente<br \/>\nla protection en temps r\u00e9el de l&rsquo;ordinateur est une des fonctions les plus importantes d&rsquo;un antivirus moderne et ce doit doit \u00eatre rapide, efficace et discr\u00e8te..\u2028Le module de protection r\u00e9sidente d&rsquo;Avast! Professional Edition d\u00e9tecte et neutralise les virus avant qu&rsquo;ils aient pu infecter l&rsquo;ordinateur. \u2028Avast! Professional Edition prot\u00e8ge \u00e0 la fois le syst\u00e8me de fichiers et le courrier \u00e9lectronique. Une analyse heuristique des emails permet de prot\u00e9ger le PC contre les nouveaux virus encore inconnus.<\/p>\n<p style=\"text-align: left;\"><span style=\"color: #ff6600;\"><strong>Le Blocage des scripts<\/strong><\/span><br \/>\nLes scripts ayant un comportement suspects sont automatiquement bloqu\u00e9s afin de prot\u00e9ger votre PC. Tous les scripts WSH (Windows Scripting Host) sont contr\u00f4l\u00e9s ainsi que les scripts int\u00e9gr\u00e9s dans des pages web (Internet Explorer, Netscape Navigator, Mozilla).<br \/>\n(Ce module, qui n&rsquo;est pas pr\u00e9sent dans la version gratuite Avast! 4 Home Edition)<\/p>\n<p style=\"text-align: left;\"><strong><span style=\"color: #ff6600;\">Les Mises \u00e0 jour automatiques<\/span><\/strong><br \/>\nLes mises \u00e0 jour sont incr\u00e9mentielles et donc extr\u00eamement rapides.<br \/>\nSi vous disposez d&rsquo;une connexion internet permanente les mises \u00e0 jour se font automatiquement sans alourdir le fonctionnement du poste de travail et sans intervention de l&rsquo;utilisateur.<br \/>\nSi vous vous connectez \u00e0 internet occasionnellement, Avast! se met \u00e0 jour lorsque votre connexion est active.<\/p>\n<p style=\"text-align: left;\"><span style=\"color: #ff6600;\"><strong>La Mises \u00e0 jour de type PUSH<\/strong><\/span><br \/>\nCette technique \u00e0 l&rsquo;initiative du serveur minimise le temps de connexion n\u00e9cessaire aux mises \u00e0 jour. Ce syt\u00e8me est bas\u00e9 sur le protocole SMTP et les mise \u00e0 jours sont g\u00e9r\u00e9es par les modules Avast! r\u00e9sidents email (Internet Mail et MS Outlook)<br \/>\n(cette fonction n&rsquo;est pas pr\u00e9sente dans la version gratuite Avast! Home Edition)<\/p>\n<p style=\"text-align: left;\"><strong><span style=\"color: #ff6600;\">La Zone de quarantaine<\/span><\/strong><br \/>\nla zone de quarantaine est un dossier hautement s\u00e9curis\u00e9 permettant le stockage des virus en observation ou en attente de destruction.<\/p>\n<p style=\"text-align: left;\"><strong><span style=\"color: #ff6600;\">L&rsquo; Int\u00e9gration windows<\/span><\/strong><br \/>\nIl est possible de scanner un \u00e9l\u00e9ment directement depuis l&rsquo;explorateur de Windows.\u2028Il est possible de programmer une inspection pendant que l&rsquo;\u00e9conomiseur d&rsquo;\u00e9cran est actif.\u2028Et bien entendu, le scanner peut \u00eatre lanc\u00e9 lors du boot du PC avant que les virus soient activ\u00e9s(Windows NT\/200\/XP\/.NET seulement)<\/p>\n<p style=\"text-align: left;\" align=\"center\"><a href=\"https:\/\/www.avast.com\" target=\"_blank\" rel=\"external noopener\"><img loading=\"lazy\" class=\"aligncenter\" src=\"https:\/\/i2.wp.com\/www.dsconsultant.net\/avast\/logo-Avast-authorized.png?resize=253%2C46&#038;ssl=1\" alt=\"avast! reseller\" width=\"253\" height=\"46\" border=\"0\" data-recalc-dims=\"1\" \/><\/a><\/p>\n<p style=\"text-align: left;\">Pour plus d&rsquo;informations et achats en dirhams\u00a0<u><a title=\"Contact\" href=\"https:\/\/www.dsconsultant.net\/Contact\/contact.php\" rel=\"self\">contactez nous<\/a><\/u><\/p>\n<\/div>\n","protected":false},"excerpt":{"rendered":"<p>Avast! \u00a0Professional Edition\u00a0est la solution de protection id\u00e9ale pour tout PC fonctionnant sous Windows. Extr\u00eamement rapide, efficace et discret, les produits Avast prot\u00e8gent \u00e9galement vos appareils sous MacOSX ainsi que vos smartphones sous Android (Rappel: pour le Maroc, paiements et facturation en dirhams, contactez nous) **Prix en dirhams = Prix en Euros (hors promotion sp\u00e9ciale) [&hellip;]<\/p>\n","protected":false},"author":1,"featured_media":0,"parent":0,"menu_order":0,"comment_status":"closed","ping_status":"closed","template":"","meta":{"spay_email":""},"yoast_head":"<!-- This site is optimized with the Yoast SEO plugin v19.0 - https:\/\/yoast.com\/wordpress\/plugins\/seo\/ -->\n<title>Avast antivirus - Mes Notes, Astuces &amp; Conseils informatiques<\/title>\n<meta name=\"robots\" content=\"index, follow, max-snippet:-1, max-image-preview:large, max-video-preview:-1\" \/>\n<link rel=\"canonical\" href=\"https:\/\/dsconsultant.net\/blog\/avast-antivirus\" \/>\n<meta property=\"og:locale\" content=\"fr_FR\" \/>\n<meta property=\"og:type\" content=\"article\" \/>\n<meta property=\"og:title\" content=\"Avast antivirus - Mes Notes, Astuces &amp; Conseils informatiques\" \/>\n<meta property=\"og:description\" content=\"Avast! \u00a0Professional Edition\u00a0est la solution de protection id\u00e9ale pour tout PC fonctionnant sous Windows. Extr\u00eamement rapide, efficace et discret, les produits Avast prot\u00e8gent \u00e9galement vos appareils sous MacOSX ainsi que vos smartphones sous Android (Rappel: pour le Maroc, paiements et facturation en dirhams, contactez nous) **Prix en dirhams = Prix en Euros (hors promotion sp\u00e9ciale) [&hellip;]\" \/>\n<meta property=\"og:url\" content=\"https:\/\/dsconsultant.net\/blog\/avast-antivirus\" \/>\n<meta property=\"og:site_name\" content=\"Mes Notes, Astuces &amp; Conseils informatiques\" \/>\n<meta property=\"article:publisher\" content=\"https:\/\/www.facebook.com\/dsconsultant.net\/\" \/>\n<meta property=\"article:modified_time\" content=\"2018-10-23T22:26:28+00:00\" \/>\n<meta property=\"og:image\" content=\"https:\/\/www.dsconsultant.net\/avast\/logo-Avast-authorized.png\" \/>\n<meta name=\"twitter:card\" content=\"summary_large_image\" \/>\n<meta name=\"twitter:label1\" content=\"Dur\u00e9e de lecture estim\u00e9e\" \/>\n\t<meta name=\"twitter:data1\" content=\"3 minutes\" \/>\n<script type=\"application\/ld+json\" class=\"yoast-schema-graph\">{\"@context\":\"https:\/\/schema.org\",\"@graph\":[{\"@type\":\"WebSite\",\"@id\":\"https:\/\/dsconsultant.net\/blog\/#website\",\"url\":\"https:\/\/dsconsultant.net\/blog\/\",\"name\":\"Mes Notes, Astuces &amp; Conseils informatiques\",\"description\":\"Dominique Schos Consultant Conseil informatique Maroc\",\"potentialAction\":[{\"@type\":\"SearchAction\",\"target\":{\"@type\":\"EntryPoint\",\"urlTemplate\":\"https:\/\/dsconsultant.net\/blog\/?s={search_term_string}\"},\"query-input\":\"required name=search_term_string\"}],\"inLanguage\":\"fr-FR\"},{\"@type\":\"ImageObject\",\"inLanguage\":\"fr-FR\",\"@id\":\"https:\/\/dsconsultant.net\/blog\/avast-antivirus#primaryimage\",\"url\":\"https:\/\/www.dsconsultant.net\/avast\/logo-Avast-authorized.png\",\"contentUrl\":\"https:\/\/www.dsconsultant.net\/avast\/logo-Avast-authorized.png\"},{\"@type\":\"WebPage\",\"@id\":\"https:\/\/dsconsultant.net\/blog\/avast-antivirus#webpage\",\"url\":\"https:\/\/dsconsultant.net\/blog\/avast-antivirus\",\"name\":\"Avast antivirus - Mes Notes, Astuces &amp; Conseils informatiques\",\"isPartOf\":{\"@id\":\"https:\/\/dsconsultant.net\/blog\/#website\"},\"primaryImageOfPage\":{\"@id\":\"https:\/\/dsconsultant.net\/blog\/avast-antivirus#primaryimage\"},\"datePublished\":\"2017-01-23T16:56:23+00:00\",\"dateModified\":\"2018-10-23T22:26:28+00:00\",\"breadcrumb\":{\"@id\":\"https:\/\/dsconsultant.net\/blog\/avast-antivirus#breadcrumb\"},\"inLanguage\":\"fr-FR\",\"potentialAction\":[{\"@type\":\"ReadAction\",\"target\":[\"https:\/\/dsconsultant.net\/blog\/avast-antivirus\"]}]},{\"@type\":\"BreadcrumbList\",\"@id\":\"https:\/\/dsconsultant.net\/blog\/avast-antivirus#breadcrumb\",\"itemListElement\":[{\"@type\":\"ListItem\",\"position\":1,\"name\":\"Accueil\",\"item\":\"https:\/\/dsconsultant.net\/blog\"},{\"@type\":\"ListItem\",\"position\":2,\"name\":\"Avast antivirus\"}]}]}<\/script>\n<!-- \/ Yoast SEO plugin. -->","yoast_head_json":{"title":"Avast antivirus - Mes Notes, Astuces &amp; Conseils informatiques","robots":{"index":"index","follow":"follow","max-snippet":"max-snippet:-1","max-image-preview":"max-image-preview:large","max-video-preview":"max-video-preview:-1"},"canonical":"https:\/\/dsconsultant.net\/blog\/avast-antivirus","og_locale":"fr_FR","og_type":"article","og_title":"Avast antivirus - Mes Notes, Astuces &amp; Conseils informatiques","og_description":"Avast! \u00a0Professional Edition\u00a0est la solution de protection id\u00e9ale pour tout PC fonctionnant sous Windows. Extr\u00eamement rapide, efficace et discret, les produits Avast prot\u00e8gent \u00e9galement vos appareils sous MacOSX ainsi que vos smartphones sous Android (Rappel: pour le Maroc, paiements et facturation en dirhams, contactez nous) **Prix en dirhams = Prix en Euros (hors promotion sp\u00e9ciale) [&hellip;]","og_url":"https:\/\/dsconsultant.net\/blog\/avast-antivirus","og_site_name":"Mes Notes, Astuces &amp; Conseils informatiques","article_publisher":"https:\/\/www.facebook.com\/dsconsultant.net\/","article_modified_time":"2018-10-23T22:26:28+00:00","og_image":[{"url":"https:\/\/www.dsconsultant.net\/avast\/logo-Avast-authorized.png"}],"twitter_card":"summary_large_image","twitter_misc":{"Dur\u00e9e de lecture estim\u00e9e":"3 minutes"},"schema":{"@context":"https:\/\/schema.org","@graph":[{"@type":"WebSite","@id":"https:\/\/dsconsultant.net\/blog\/#website","url":"https:\/\/dsconsultant.net\/blog\/","name":"Mes Notes, Astuces &amp; Conseils informatiques","description":"Dominique Schos Consultant Conseil informatique Maroc","potentialAction":[{"@type":"SearchAction","target":{"@type":"EntryPoint","urlTemplate":"https:\/\/dsconsultant.net\/blog\/?s={search_term_string}"},"query-input":"required name=search_term_string"}],"inLanguage":"fr-FR"},{"@type":"ImageObject","inLanguage":"fr-FR","@id":"https:\/\/dsconsultant.net\/blog\/avast-antivirus#primaryimage","url":"https:\/\/www.dsconsultant.net\/avast\/logo-Avast-authorized.png","contentUrl":"https:\/\/www.dsconsultant.net\/avast\/logo-Avast-authorized.png"},{"@type":"WebPage","@id":"https:\/\/dsconsultant.net\/blog\/avast-antivirus#webpage","url":"https:\/\/dsconsultant.net\/blog\/avast-antivirus","name":"Avast antivirus - Mes Notes, Astuces &amp; Conseils informatiques","isPartOf":{"@id":"https:\/\/dsconsultant.net\/blog\/#website"},"primaryImageOfPage":{"@id":"https:\/\/dsconsultant.net\/blog\/avast-antivirus#primaryimage"},"datePublished":"2017-01-23T16:56:23+00:00","dateModified":"2018-10-23T22:26:28+00:00","breadcrumb":{"@id":"https:\/\/dsconsultant.net\/blog\/avast-antivirus#breadcrumb"},"inLanguage":"fr-FR","potentialAction":[{"@type":"ReadAction","target":["https:\/\/dsconsultant.net\/blog\/avast-antivirus"]}]},{"@type":"BreadcrumbList","@id":"https:\/\/dsconsultant.net\/blog\/avast-antivirus#breadcrumb","itemListElement":[{"@type":"ListItem","position":1,"name":"Accueil","item":"https:\/\/dsconsultant.net\/blog"},{"@type":"ListItem","position":2,"name":"Avast antivirus"}]}]}},"_links":{"self":[{"href":"https:\/\/dsconsultant.net\/blog\/wp-json\/wp\/v2\/pages\/1052"}],"collection":[{"href":"https:\/\/dsconsultant.net\/blog\/wp-json\/wp\/v2\/pages"}],"about":[{"href":"https:\/\/dsconsultant.net\/blog\/wp-json\/wp\/v2\/types\/page"}],"author":[{"embeddable":true,"href":"https:\/\/dsconsultant.net\/blog\/wp-json\/wp\/v2\/users\/1"}],"replies":[{"embeddable":true,"href":"https:\/\/dsconsultant.net\/blog\/wp-json\/wp\/v2\/comments?post=1052"}],"version-history":[{"count":0,"href":"https:\/\/dsconsultant.net\/blog\/wp-json\/wp\/v2\/pages\/1052\/revisions"}],"wp:attachment":[{"href":"https:\/\/dsconsultant.net\/blog\/wp-json\/wp\/v2\/media?parent=1052"}],"curies":[{"name":"wp","href":"https:\/\/api.w.org\/{rel}","templated":true}]}}